actor of 763944994?
False
Is 1536632342 a multiple of 14?
True
Is 4317790547 a multiple of 2252?
False
Does 309 divide 4703143461?
True
Is 2670 a factor of 869812997?
False
Is 20 a factor of 78981260?
True
Does 474 divide 293057053?
False
Does 22 divide 74484058?
True
Does 77 divide 115503542?
True
Is 11048400 a multiple of 440?
True
Is 21 a factor of 272047550?
False
Does 838 divide 98113878?
True
Is 573461344 a multiple of 17?
False
Does 610 divide 1174375391?
False
Is 63815827 a multiple of 179?
True
Is 47563537 a multiple of 259?
True
Is 1664281 a multiple of 29?
True
Is 227 a factor of 4740441?
True
Is 192 a factor of 75101286?
False
Does 116 divide 2356829584?
False
Does 16 divide 2640235545?
False
Is 24 a factor of 2520829?
False
Is 6 a factor of 39534075?
False
Is 39 a factor of 32106282?
True
Is 11829919 a multiple of 46?
False
Is 8 a factor of 45009272?
True
Does 30 divide 469036050?
True
Does 556 divide 1215403768?
True
Is 21742498 a multiple of 23?
True
Does 446 divide 46899135?
False
Is 64 a factor of 309042944?
True
Is 50 a factor of 111648382?
False
Is 5308762 a multiple of 15?
False
Is 9898 a factor of 2640385715?
False
Is 6407 a factor of 2610493708?
True
Is 1900452 a multiple of 112?
False
Is 1244 a factor of 828322075?
False
Is 22618388 a multiple of 4?
True
Is 1356 a factor of 2327870843?
False
Does 762 divide 50292762?
True
Does 328 divide 3119489462?
False
Is 45 a factor of 139583201?
False
Is 597120048 a multiple of 477?
True
Does 714 divide 213787308?
True
Is 10 a factor of 60246460?
True
Is 463 a factor of 185844959?
True
Does 288 divide 443833504?
False
Is 23876466 a multiple of 19?
False
Does 24 divide 112931856?
True
Is 10807637 a multiple of 3?
False
Is 1353026968 a multiple of 292?
True
Is 256 a factor of 1037602816?
True
Is 1798 a factor of 470559236?
False
Does 11 divide 15506887?
True
Is 18436992 a multiple of 384?
True
Is 1563658269 a multiple of 2150?
False
Does 24 divide 620491309?
False
Is 393 a factor of 16368463?
False
Is 10394238 a multiple of 1363?
True
Does 393 divide 905342409?
False
Does 40 divide 459349407?
False
Is 8 a factor of 22629875?
False
Does 1192 divide 43993144?
True
Does 26 divide 854488388?
True
Does 109 divide 1136729?
False
Is 4223920 a multiple of 148?
True
Is 43573341 a multiple of 203?
True
Does 69 divide 3808762318?
False
Is 4 a factor of 357628?
True
Is 3985 a factor of 10164200?
False
Is 1015 a factor of 286360258?
False
Is 125 a factor of 1335494750?
True
Does 527 divide 16758566?
False
Is 194 a factor of 497716118?
True
Is 5 a factor of 2891729?
False
Does 159 divide 114434844?
True
Does 270 divide 142426620?
True
Is 1284 a factor of 3700909864?
False
Does 44 divide 3026544061?
False
Does 10 divide 20205484?
False
Does 5 divide 297888446?
False
Is 294 a factor of 22156938?
False
Does 28 divide 5059096?
True
Is 6 a factor of 84640842?
True
Is 1241222834 a multiple of 7?
False
Does 342 divide 5660784?
True
Is 165 a factor of 379098381?
False
Is 34 a factor of 107596332?
True
Is 6 a factor of 10323750?
True
Is 14 a factor of 1757335986?
True
Is 13 a factor of 64799917?
True
Does 42 divide 79417380?
True
Does 1039 divide 2239401377?
True
Does 215 divide 769774175?
True
Is 1246597410 a multiple of 751?
False
Is 12978361 a multiple of 17?
True
Does 15 divide 26447415?
True
Is 321058485 a multiple of 855?
True
Is 199 a factor of 54292374?
True
Does 264 divide 15566496?
True
Is 1419692038 a multiple of 350?
False
Is 8 a factor of 137004936?
True
Is 5181 a factor of 2509397690?
False
Is 785 a factor of 201167251?
False
Is 26316598 a multiple of 77?
True
Does 42 divide 10557120?
True
Is 638 a factor of 78067980?
False
Is 5 a factor of 7251686?
False
Is 10485 a factor of 2411088660?
True
Is 27032430 a multiple of 277?
True
Does 95 divide 392976641?
False
Is 103023411 a multiple of 33?
False
Is 75752116 a multiple of 169?
False
Is 308 a factor of 138704104?
True
Is 377595446 a multiple of 433?
False
Does 3860 divide 563309100?
True
Is 78361721 a multiple of 138?
False
Is 23275764 a multiple of 263?
False
Is 966800394 a multiple of 27?
True
Is 546 a factor of 1465269028?
False
Is 1687654036 a multiple of 9411?
False
Is 14025344 a multiple of 369?
False
Does 164 divide 28961908?
True
Is 223 a factor of 293638932?
False
Does 32 divide 92649520?
False
Is 10 a factor of 1273112495?
False
Is 2278224 a multiple of 10?
False
Is 2251 a factor of 744581249?
False
Does 5 divide 62828065?
True
Is 7 a factor of 413940863?
True
Is 503922480 a multiple of 34?
False
Is 862403 a multiple of 47?
True
Is 17 a factor of 54815602?
False
Is 3169078248 a multiple of 19?
True
Does 2844 divide 174303072?
True
Is 1340 a factor of 497410680?
True
Does 30 divide 4966612?
False
Is 43385701 a multiple of 8?
False
Is 17 a factor of 38897003?
True
Is 772 a factor of 518174004?
False
Does 33 divide 18861010?
False
Is 14505053 a multiple of 4?
False
Is 466 a factor of 1231446328?
False
Is 119 a factor of 41916560?
True
Is 190086964 a multiple of 22?
False
Is 1018 a factor of 13323584?
True
Does 29 divide 68162209?
True
Is 1459 a factor of 488862607?
False
Is 10 a factor of 31004440?
True
Does 236 divide 113820556?
False
Is 57421188 a multiple of 44?
True
Is 298570293 a multiple of 327?
True
Does 96 divide 379091040?
True
Does 749 divide 81123583?
False
Is 17 a factor of 635088890?
True
Is 27810877 a multiple of 14?
False
Is 216 a factor of 85767552?
True
Is 1124 a factor of 1781242140?
True
Is 279575413 a multiple of 10?
False
Is 842 a factor of 123464144?
True
Is 329477684 a multiple of 158?
False
Is 659 a factor of 71555101?
False
Is 233015811 a multiple of 2586?
False
Is 11286165 a multiple of 11?
True
Does 22 divide 1966184?
True
Does 475 divide 7070850?
True
Is 963 a factor of 1902235206?
False
Is 37696764 a multiple of 103?
True
Does 792 divide 31002048?
True
Is 561 a factor of 106900794?
True
Does 37 divide 14403841?
True
Is 72332902 a multiple of 12?
False
Is 31639608 a multiple of 1144?
True
Is 364018920 a multiple of 2652?
False
Is 9 a factor of 359575378?
False
Does 9071 divide 324950433?
True
Is 28 a factor of 1923379720?
False
Is 1378084320 a multiple of 270?
True
Is 5565600 a multiple of 836?
False
Does 16 divide 4226473?
False
Does 2618 divide 443528470?
True
Is 16417630 a multiple of 82?
True
Is 11812668 a multiple of 14?
True
Does 31 divide 26001030?
False
Is 98410 a multiple of 13?
True
Does 686 divide 957461643?
False
Does 3 divide 628868?
False
Is 52421485 a multiple of 23?
True
Is 389 a factor of 42228515?
False
Is 79600948 a multiple of 9?
False
Is 1350 a factor of 468455400?
True
Is 1061000780 a multiple of 1321?
True
Is 1471 a factor of 37848451?
False
Is 11 a factor of 595556749?
False
Is 93 a factor of 10774254?
False
Does 1829 divide 565543261?
True
Does 11 divide 12009668?
True
Does 187 divide 51424626?
True
Is 9937365 a multiple of 922?
False
Is 12 a factor of 5799175537?
False
Is 143127737 a multiple of 2209?
True
Does 1030 divide 963057599?
False
Is 21 a factor of 383810091?
True
Does 13 divide 6448228760?
False
Is 651 a factor of 173257140?
True
Is 97 a factor of 109826116?
True
Is 1370161788 a multiple of 2073?
True
Is 130993397 a multiple of 95?
False
Is 6943 a factor of 492088322?
False
Is 550896312 a multiple of 83?
False
Is 22 a factor of 210578984?
True
Does 31 divide 122391390?
False
Is 12 a factor of 35366952?
True
Does 43 divide 1055339?
False
Is 54 a factor of 1360803024?
True
Is 37954818 a multiple of 513?
True
Is 1136650218 a multiple of 4686?
True
Is 22951750 a multiple of 250?
True
Does 24 divide 539655353?
False
Is 30 a factor of 74156910?
True
Is 139686950 a multiple of 13?
True
Is 170483156 a multiple of 25?
False
Is 22 a factor of 33190379?
False
Does 1325 divide 3678130020?
False
Is 323990035 a multiple of 8?
False
Is 6 a factor of 2769572?
False
Is 1536039 a multiple of 9?
True
Does 49 divide 538798169?
True
Is 17193768 a multiple of 254?
True
Does 14 divide 681757?
False
Does 16 divide 663115605?
False
Is 10 a factor of 449682142?
False
Is 15264594 a multiple of 12?
False
Is 85 a factor of 3650580?
True
Is 1575920 a multiple of 45?
False
Is 51 a factor of 46022240?
False
Does 847 divide 430995509?
False
Is 86 a factor of 88798908?
False
Is 15 a factor of 41477415?
T